- k(q). Determine i(6).
-10
Let t(p) = 1992*p + 2 - 1998*p - 3. Calculate t(-2).
11
Suppose 5*h - b = -0 - 28, 4*h = b - 22. Let j(t) = -t**3 - 6*t**2 - t - 7. Give j(h).
-1
Let l(b) be the third derivative of -b**7/840 - b**6/120 + b**5/20 + b**4/12 + b**3/3 + 4*b**2. Let x(u) be the first derivative of l(u). Give x(-4).
-6
Let i = -2 - -6. Let q(y) = -y**3 - y**2 - y + 2. Let r be q(0). Let c(u) = 0*u - r + u + 1. Determine c(i).
3
Let y(x) = 3*x**3 - x + 1. Let b be y(1). Suppose 0 = -4*o - 4*f, 12 = b*o + o - 2*f. Let p(k) = -k - 2. Let g(d) = d. Let q(m) = -g(m) + p(m). Give q(o).
-6
Let y(n) be the first derivative of 7*n**3/3 + n**2/2 - n - 1. Suppose f = -i + 10, i - 13 = -4*f + 6*i. Let j = f - 6. Give y(j).
7
Suppose -4*y = x - 1, -19 = 4*y - 5*x + 10. Let o(i) = 54 - 53 + 4*i**2 - 2*i**2 + i. What is o(y)?
2
Let u(n) = 13*n + 8 + 7*n**3 + 0*n**3 - 24*n**2 + 25*n**2. Let m(s) = -20*s - 15*s**3 - s**2 - 22 + 4*s**3 + 10. Let z(x) = -5*m(x) - 8*u(x). Determine z(-3).
8
Let h(z) = -1 - 1 + 2*z + 0*z. Let t be 2*2/(-3)*24/(-16). Calculate h(t).
2
Let i(x) = -7*x. Let v = -2 - -1. What is i(v)?
7
Let g = 22 - 34. Let z = g + 7. Let n(d) = 2*d + 7. Determine n(z).
-3
Suppose -p - 5 = 5*s - 27, 3*s - p = 18. Let w(i) = i**2 - 3*i. Give w(s).
10
Let n(l) be the second derivative of -l**8/1344 - l**7/2520 + l**6/720 - l**5/120 - l**4/12 - 3*l. Let m(v) be the third derivative of n(v). What is m(1)?
-6
Let n(q) = q + 3. Suppose -3*a + 85 = 2*a. Let o(m) = 4*m + 8. Let t(x) = a*n(x) - 6*o(x). Determine t(2).
-11
Let v(b) be the second derivative of b**3/6 - b**2/2 - 11*b. Calculate v(1).
0
Let c be ((-3)/6)/(1/54). Let n be (-48)/c + 4/18. Let t(l) = 3*l**2 - 4*l + 3. Calculate t(n).
7
Let c(l) = -l**3 - 2*l**2 - l. Suppose -2 - 4 = -3*w. Suppose w*k - 4 = -2*b, -4*k - 3*b + 5 = -0*b. Give c(k).
0
Let o(k) = k**2 - k - 2. Let n(d) = d - 1. Let t(x) = x**2 - 6*x - 1. Let m be t(6). Let r be n(m). What is o(r)?
4
Let q(j) = 5*j**3 - 5*j**2 + j - 13. Let r(x) = 6*x**3 - 6*x**2 + x - 14. Let o(i) = 5*q(i) - 4*r(i). What is o(0)?
-9
Let g(m) = -m**3 - 4*m**2 - 3*m + 3. Let i be g(-3). Let o(r) = -1 - 2*r**3 - 12*r**3 - 3*r - r**2 + 15*r**3. Give o(i).
8
Let n(y) = y + 2*y + 0*y - 4*y. Let r(z) = -6*z - 1. Let d(c) = 5*n(c) - r(c). What is d(-1)?
0
Let t(h) be the third derivative of -h**2 - 1/2*h**3 + 1/120*h**6 - 1/30*h**5 + 0 - 1/8*h**4 + 0*h. What is t(3)?
-3
Let w(b) = -b - 1. Let k(t) = t**3 - 9*t**2 - 11*t + 9. Let v be k(10). Let y be (-5 - -6)/(v/4). Calculate w(y).
3
Let b(x) be the third derivative of x**5/60 - 5*x**4/24 - 5*x**3/6 - x**2. Suppose -4 = 8*v - 9*v. What is b(v)?
-9
Let c(k) be the third derivative of -2*k**2 + 0*k + 1/3*k**3 + 0 - 1/20*k**5 + 1/120*k**6 - 1/12*k**4. Give c(3).
-4
Let d(b) be the third derivative of -b**5/60 + b**4/6 - b**3/2 - b**2. Suppose -11 = 3*q - 2*q. Let z = 15 + q. What is d(z)?
-3
Suppose -16 = 5*p - p. Let m(u) = u**2 + 4*u + 6. Give m(p).
6
Let j(d) = d - 1. Let n = 8 + -4. Suppose f = 2*f + u, -4*u = -n. Give j(f).
-2
Let i(c) = -c + 10. Let s be i(9). Let r(o) = s + 2*o - 1. Determine r(2).
4
Let q(w) be the third derivative of w**6/120 - w**5/60 + 5*w**2. Suppose -3*n - 5 = -2. Give q(n).
-2
Let c = -1 + 4. Let w(t) = -2*t - 2 - 1 - 2*t**2 + t**3 + 2. Determine w(c).
2
Let r(v) = 4 + v - 3 - 3 + 3. Let i(p) = 5*p**2 + 2*p + 4*p - 5*p. Let q be i(-1). Calculate r(q).
5
Let f(o) = o**2 - o + 1. Let j(k) = -5*k**2 + 8*k + 2. Let q(v) = 4*f(v) + j(v). Suppose 0 = s - 3, -5*s = -4*b - s - 8. Let t be (4/(8/10))/b. Determine q(t).
1
Suppose -l + 1 = 3*n - 2*n, -n - 1 = 3*l. Let z be (0 + l + 1)/2. Let y(d) = -d + 5. Let r(f) = f - 5. Let x(q) = -6*r(q) - 5*y(q). Determine x(z).
5
Let s(m) be the second derivative of -m**3/6 + m**2 - 2*m. Determine s(1).
1
Let n(y) = -y**2 - y. Let z(h) be the second derivative of -h**3/6 - 5*h**2/2 + h. Let k be z(-5). Determine n(k).
0
Let g(d) = -3*d**3 - 8*d**2 - 2*d + 3. Let s(w) = -7*w**3 - 17*w**2 - 4*w + 6. Let o(v) = -5*g(v) + 2*s(v). Determine o(-4).
21
Let o(g) be the first derivative of -g**6/360 - g**5/120 + g**4/12 + 4*g**3/3 - 3. Let r(b) be the third derivative of o(b). Determine r(0).
2
Suppose 2*p - 3*u - 19 = -8*u, -3*p = 4*u - 18. Let v(f) = -2*f**2 + 4*f - 2. Determine v(p).
-2
Suppose -2*j + 9 = -1. Let a(y) = y**3 - 4*y**2 - 44*y - 52*y + 89*y + 7. What is a(j)?
-3
Let q(a) = -14*a**3 + 2*a**2 - 1. Suppose 0 = h - 4*v + 9*v - 14, -h + 2 = v. Calculate q(h).
15
Let h(c) = c**3 - 7*c**2 + c - 3. Let w = 7 + 0. Calculate h(w).
4
Let d(t) = -t**2 - 7*t - 3. Let u be d(-7). Let p be -6*-2*u/(-12). Let g(z) = -3 - z**2 + 7 - p. What is g(-3)?
-8
Let b(y) = 2*y**2 - y - 4. Let h be b(-2). Suppose h*r + 4 = 4*r. Let x(w) = -3*w**2 - 3*w. Give x(r).
-6
Suppose 5*t + n = 31, 5*n - 8 = -28. Let y = -4 + t. Let w(m) = -3*m - 151 - 145 + 300. Determine w(y).
-5
Let x(a) = -4 + 4 - 2*a + 5. Let i(z) = z - 2. Let u(n) = -10*i(n) - 4*x(n). Determine u(-2).
4
Let v(r) = r**2 - r - 5. Suppose -4*d = 3*x - 3 + 27, 4*d = 2*x - 4. Give v(x).
15
Let d(h) be the second derivative of -h**4/12 - h**3/6 + h**2/2 - h. Suppose 41 = 5*o - 14. Suppose b + 3*b + u = -o, 2*u = 4*b + 2. Calculate d(b).
-1
Let z(m) be the second derivative of -m**5/20 + 5*m**4/12 + 5*m**3/6 - m**2 + 2*m - 14. Determine z(6).
-8
Let o(c) = c**2 + 7*c. Let b(k) = -2*k + 1. Let h be b(-6). Suppose h = -3*u - 5. Calculate o(u).
-6
Let o(t) = t**3 + 5*t**2 - t - 3. Let y be o(-5). Let m(k) = 3*k**3 + k**2 + 2*k - 3. Let c(r) = -r**3 - r + 1. Let j(v) = 4*c(v) + m(v). Give j(y).
-7
Let f be 4/(-8)*(-6)/1. Let o(a) = -5*a - 10*a + a**2 - 4 + 13*a. Calculate o(f).
-1
Let x(b) = 13*b**2 - 2*b - 5. Let i(q) = -7*q**2 + q + 3. Let o(w) = 11*i(w) + 6*x(w). Give o(-3).
15
Suppose 0*z = -4*z - 4. Let h(k) be the third derivative of k**8/3360 + k**7/5040 - k**5/60 - k**2. Let v(l) be the third derivative of h(l). Determine v(z).
5
Let x(g) be the second derivative of -g**5/20 + 13*g**4/12 + 5*g**3/2 - 5*g**2 + g - 1. Calculate x(14).
4
Let q(h) be the second derivative of h**3/6 + 7*h**2/2 - 9*h. Calculate q(0).
7
Suppose -5*c = 2*v + 12, 4*c + 2 = 4*v - 2. Let o(r) be the third derivative of 7*r**5/60 - r**4/24 - r**2. Calculate o(v).
8
Let p be 3 + (0 + 2)/2. Let k(x) be the third derivative of -x**6/120 + x**5/20 + 5*x**4/24 - 35*x**2 + 1. Calculate k(p).
4
Let x be (-4)/(-16)*0*1 - -1. Let g(i) = -6*i + 1. Give g(x).
-5
Suppose 0 = 5*k - 6*k - 4. Let x = -2 + k. Let f(s) = -s**2 - 5*s + 6. Give f(x).
0
Let y(x) = -x**2 - 6*x - 3. Let a be (-1)/6 - 19/(-6). Let z(f) = f - 3. Let m be z(a). Suppose u = 4, -4 = 5*k + 4*u - m*u. What is y(k)?
5
Let d(y) = -2*y. Suppose 4*b - 4*z - 36 = 0, z + 11 = 4*b + 2*z. What is d(b)?
-8
Suppose -3*u = -2*w - 2*w + 20, -6 = u - 2*w. Let j = u + 11. Let k(f) = -2 - f**2 + 2*f - 3 + 9. Determine k(j).
1
Suppose 4 = -5*m - 1. Let u(f) = f**2 - 2*f - 1. What is u(m)?
2
Let q(j) = -j**3 - 2*j**2 + 3*j + 3. Let c = 2 - -3. Suppose -2*h - c = 1. Determine q(h).
3
Suppose -c - 12 = 3*n, -c - c = 2*n + 12. Let r(y) = y**2 + 4*y - 2. Determine r(n).
-5
Let t(l) = 4*l**3 + 1058*l**2 - l + 1 - 3*l**3 - 1062*l**2. Determine t(3).
-11
Let a(o) = -o - 3. Let y = 10 - 5. Suppose 0 = y*l + 2*h - 16, -4*l + 17 = -0*h + 3*h. Suppose -l*i - 2*i = 16. What is a(i)?
1
Let d(m) be the first derivative of -m**3/3 - 3*m**2 - 2*m - 1. Let w(z) = -8*z + 3. Let k be w(-3). Suppose 4*c - 11 + k = 0. Determine d(c).
6
Let r(f) = f**3 + 4*f**2 - 8*f - 3. Suppose 50 - 20 = -6*j. Determine r(j).
12
Let o be -6 - 1 - 6/(-3). Let l = o - -1. Let k(n) = n + 3. Let j be k(l). Let m(h) = -5*h**3. Give m(j).
5
Let i(z) = 3*z + 2. Let w(r) = -3*r - 3. Let m(y) = -4*i(y) - 3*w(y). Give m(-1).
4
Let l(o) = 2820*o**2 - 2819*o**2 - o + 0*o. Calculate l(1).
0
Suppose a + 13 = -3*d, -4*a + d - 17 = a. Let c(z) = -5*z**2 - 4*z - 7. Let p(n) = -5*n**2 - 2 - 4 - 4*n + n**2. Let s(q) = 3*c(q) - 4*p(q). What is s(a)?
3
Let z(w) = -6*w**2 + w - 1. Let v be (-2)/(-11) - (-2)/(-11). Let r = v - -3. Suppose -7 = r*b + 2*i, b - 8*i + 3*i = 26. Determine z(b).
-6
Let t be 3/(-6) - (-50)/4. Let r = 9 - t. Let f(z) = -z**3 - 5*z**2 - 2*z + 4. Determine f(r).
-8
Suppose 3 = 4*h - 13. Let a = -1 - h. Let r(x) be the second deri